d 339?
339
Calculate the highest common divisor of 17 and 346409.
17
What is the greatest common divisor of 299 and 2783?
23
Calculate the highest common divisor of 2070970 and 275.
55
Calculate the greatest common divisor of 156 and 132639.
39
Calculate the highest common factor of 1167 and 264.
3
What is the greatest common divisor of 2192 and 2071714?
274
Calculate the highest common divisor of 142205 and 1071.
119
Calculate the greatest common factor of 1836 and 273836.
68
Calculate the greatest common divisor of 1923 and 6.
3
What is the highest common factor of 10013 and 8075?
323
Calculate the highest common factor of 12 and 15282.
6
What is the greatest common divisor of 4477 and 148?
37
Calculate the greatest common divisor of 65162 and 4247.
31
Calculate the greatest common divisor of 6972 and 54614.
1162
What is the highest common factor of 1095 and 18469?
73
What is the highest common factor of 7268 and 2852?
92
What is the greatest common divisor of 51208 and 10952?
296
Calculate the greatest common divisor of 884 and 104598.
26
Calculate the highest common divisor of 1177 and 869.
11
Calculate the highest common divisor of 1114 and 78.
2
Calculate the greatest common factor of 10431 and 8474.
19
What is the highest common divisor of 778696 and 3488?
872
What is the greatest common factor of 603 and 1001784?
201
Calculate the highest common factor of 9 and 589887.
9
Calculate the greatest common divisor of 51 and 20655.
51
Calculate the highest common divisor of 26512715 and 515.
515
What is the highest common factor of 10073 and 28?
7
What is the greatest common factor of 453624 and 96?
24
What is the highest common divisor of 15873 and 163207?
407
Calculate the greatest common factor of 15436 and 13056.
68
Calculate the greatest common divisor of 3003168 and 84.
84
Calculate the greatest common divisor of 110345 and 145.
145
Calculate the highest common divisor of 12888 and 19872.
72
Calculate the highest common factor of 110680 and 56.
8
What is the greatest common factor of 256 and 92416?
256
Calculate the greatest common factor of 22 and 164714.
22
Calculate the highest common divisor of 138732 and 108253.
1051
What is the highest common factor of 1499 and 16?
1
Calculate the highest common factor of 4445 and 448.
7
Calculate the greatest common divisor of 132490 and 1280.
10
What is the greatest common factor of 812 and 287728?
28
Calculate the highest common divisor of 5886 and 58644.
54
Calculate the greatest common factor of 219 and 192063.
219
What is the greatest common divisor of 57640 and 660?
220
What is the highest common divisor of 3120 and 570?
30
Calculate the greatest common factor of 825 and 11770.
55
Calculate the greatest common factor of 11513 and 9131.
397
What is the greatest common factor of 79401 and 798?
399
Calculate the highest common divisor of 1785 and 2835.
105
What is the greatest common divisor of 1886 and 782?
46
Calculate the highest common divisor of 61 and 786229.
61
Calculate the highest common factor of 4359 and 15.
3
Calculate the greatest common divisor of 457060 and 400.
20
What is the highest common divisor of 31296 and 87694?
326
What is the greatest common divisor of 17 and 125273?
17
Calculate the highest common factor of 468 and 926172.
468
What is the highest common factor of 157 and 16634150?
157
Calculate the greatest common divisor of 20945 and 17405.
295
What is the greatest common divisor of 1025 and 7585?
205
What is the highest common factor of 31 and 13315275?
31
What is the greatest common divisor of 2548 and 15582?
98
Calculate the greatest common factor of 57 and 26142.
3
Calculate the highest common divisor of 290781 and 612.
9
Calculate the highest common divisor of 82 and 58507.
41
What is the highest common divisor of 4796 and 763?
109
What is the highest common factor of 5663130 and 44?
22
Calculate the greatest common factor of 213 and 5033829.
213
What is the highest common factor of 69 and 1659841?
23
Calculate the highest common divisor of 293072 and 1404.
52
What is the greatest common factor of 7006 and 5518?
62
What is the greatest common factor of 19 and 14926913?
19
What is the greatest common divisor of 37973 and 9271?
127
What is the highest common factor of 191 and 719879?
191
Calculate the greatest common divisor of 2440625 and 11.
11
What is the greatest common divisor of 1671435 and 405?
405
What is the highest common factor of 758120 and 3080?
440
What is the highest common divisor of 64582 and 1?
1
What is the greatest common factor of 243695 and 610?
305
Calculate the highest common factor of 904 and 4294.
226
Calculate the greatest common factor of 41 and 1726592.
41
Calculate the highest common divisor of 12584 and 26975.
13
What is the highest common factor of 11937 and 276?
69
What is the greatest common factor of 760703 and 76?
19
What is the highest common divisor of 191919 and 259?
259
What is the highest common factor of 1747790 and 11?
11
What is the highest common factor of 59374 and 126?
14
Calculate the greatest common factor of 194616 and 40704.
1272
Calculate the greatest common divisor of 22256 and 231976.
856
What is the highest common divisor of 39238 and 46?
46
Calculate the greatest common divisor of 3440 and 108016.
688
Calculate the greatest common factor of 638443 and 1466.
733
Calculate the highest common factor of 3861 and 12012.
429
Calculate the greatest common divisor of 105 and 51.
3
Calculate the greatest common factor of 536 and 1192.
8
What is the highest common factor of 1012 and 19524?
4
What is the greatest common divisor of 133 and 2031841?
133
What is the greatest common divisor of 716 and 34547?
179
Calculate the greatest common factor of 1705 and 13.
1
Calculate the greatest common divisor of 247055 and 5.
5
What is the highest common factor of 20 and 101995?
5
Calculate the greatest common divisor of 365298 and 12.
6
What is the highest common factor of 58029 and 21?
3
Calculate the greatest common divisor of 299438 and 68.
34
Calculate the highest common factor of 775 and 11250.
25
Calculate the greatest common divisor of 14768 and 416.
208
Calculate the greatest common divisor of 68 and 60418.
34
Calculate the greatest common factor of 1316 and 323924.
188
Calculate the highest common factor of 50298 and 1494.
498
Calculate the greatest common factor of 11 and 1268399.
11
Calculate the highest common factor of 170 and 122230.
170
Calculate the greatest common divisor of 102599 and 98.
7
What is the highest common divisor of 72 and 382788?
36
What is the greatest common divisor of 545 and 115?
5
Calculate the highest common divisor of 2167 and 13519.
11
What is the highest common factor of 4890 and 20?
10
Calculate the highest common factor of 124 and 850609.
31
Calculate the highest common divisor of 1239801 and 3.
3
Calculate the highest common divisor of 3645 and 990.
45
What is the greatest common factor of 38 and 11119826?
38
What is the greatest common factor of 95600 and 50?
50
What is the highest common factor of 42285 and 1095?
15
What is the greatest common factor of 21850 and 859050?
1150
Calculate the greatest common factor of 2021 and 45967.
43
What is the greatest common factor of 6660 and 3540?
60
What is the highest common factor of 24612 and 336?
84
Calculate the highest common factor of 4519400 and 1475.
1475
What is the highest common factor of 616 and 26124?
28
Calculate the greatest common factor of 821572 and 2103.
701
Calculate the greatest common factor of 6280 and 280.
40
What is the highest common divisor of 663368 and 4848?
808
Calculate the highest common factor of 168 and 117768.
168
What is the highest common factor of 160 and 1004300?
20
Calculate the greatest common divisor of 6667 and 472.
59
Calculate the greatest common divisor of 3594 and 6.
6
Calculate the highest common divisor of 868 and 588.
28
Calculate the highest common divisor of 5 and 13645.
5
What is the greatest common divisor of 736 and 15999904?
736
What is the highest common divisor of 2811024 and 723?
723
Calculate the greatest common factor of 97343 and 9077.
313
Calculate the highest common factor of 1076 and 38198.
538
What is the greatest common divisor of 1165 and 3549056?
233
Calculate the greatest